ctor of 27396?
False
Is 28 a factor of 28?
True
Does 68 divide 35020?
True
Is 15 a factor of 405?
True
Is 6 a factor of 558?
True
Does 19 divide 182?
False
Is 270 a multiple of 54?
True
Does 7 divide 280?
True
Does 251 divide 86344?
True
Does 95 divide 12854?
False
Does 8 divide 1568?
True
Is 29 a factor of 11223?
True
Is 2900 a multiple of 13?
False
Is 756 a multiple of 84?
True
Is 66 a factor of 8036?
False
Is 110 a factor of 17859?
False
Is 15 a factor of 205?
False
Is 17 a factor of 76?
False
Is 48 a factor of 9936?
True
Does 9 divide 2959?
False
Is 40 a factor of 2472?
False
Is 7 a factor of 1593?
False
Is 28016 a multiple of 103?
True
Is 96 a factor of 384?
True
Is 129 a factor of 1508?
False
Is 1278 a multiple of 25?
False
Is 11 a factor of 2497?
True
Is 42 a factor of 591?
False
Is 10 a factor of 68800?
True
Does 39 divide 429?
True
Does 27 divide 4519?
False
Is 43 a factor of 2735?
False
Does 51 divide 5173?
False
Is 26 a factor of 12584?
True
Does 86 divide 15217?
False
Is 44 a factor of 30432?
False
Is 77 a multiple of 13?
False
Is 832 a multiple of 69?
False
Is 42 a multiple of 6?
True
Is 1190 a multiple of 2?
True
Is 20 a factor of 15314?
False
Is 101 a factor of 202?
True
Is 1778 a multiple of 7?
True
Is 2667 a multiple of 20?
False
Does 35 divide 2028?
False
Is 32 a factor of 2048?
True
Is 5 a factor of 5409?
False
Is 39 a factor of 1085?
False
Is 18 a factor of 828?
True
Does 4 divide 254?
False
Is 304 a multiple of 16?
True
Does 119 divide 714?
True
Is 29 a factor of 2087?
False
Is 3003 a multiple of 170?
False
Is 7950 a multiple of 29?
False
Does 89 divide 7795?
False
Is 36080 a multiple of 16?
True
Is 88 a factor of 4785?
False
Does 27 divide 3240?
True
Is 2587 a multiple of 13?
True
Is 230 a factor of 16628?
False
Does 11 divide 140?
False
Is 392 a multiple of 12?
False
Is 2459 a multiple of 85?
False
Is 4825 a multiple of 25?
True
Is 6 a factor of 2979?
False
Is 20 a factor of 2820?
True
Is 17 a factor of 3400?
True
Is 57 a factor of 1083?
True
Does 79 divide 20132?
False
Does 25 divide 950?
True
Is 40 a factor of 12680?
True
Is 378 a multiple of 6?
True
Does 12 divide 1752?
True
Is 1876 a multiple of 9?
False
Is 14 a factor of 700?
True
Is 4 a factor of 6132?
True
Is 12 a factor of 534?
False
Is 13667 a multiple of 145?
False
Is 3798 a multiple of 12?
False
Is 8 a factor of 160?
True
Is 2683 a multiple of 26?
False
Is 193 a factor of 42143?
False
Is 1187 a multiple of 56?
False
Is 1527 a multiple of 5?
False
Is 7 a factor of 286?
False
Does 49 divide 123529?
True
Is 38 a factor of 594?
False
Does 20 divide 4600?
True
Is 8 a factor of 6224?
True
Is 16 a factor of 368?
True
Does 16 divide 52905?
False
Is 14430 a multiple of 30?
True
Is 40 a factor of 875?
False
Is 12 a factor of 896?
False
Is 46 a factor of 1832?
False
Is 2318 a multiple of 73?
False
Is 1170 a multiple of 13?
True
Is 64 a multiple of 8?
True
Is 9298 a multiple of 4?
False
Does 56 divide 2930?
False
Does 60 divide 13200?
True
Does 189 divide 144769?
False
Is 142 a factor of 2556?
True
Is 32 even?
True
Does 4 divide 342?
False
Does 2 divide 14646?
True
Is 6630 a multiple of 15?
True
Is 25 a factor of 10625?
True
Does 10 divide 51370?
True
Does 138 divide 2898?
True
Is 11337 a multiple of 16?
False
Does 3 divide 240?
True
Does 11 divide 5467?
True
Is 27690 a multiple of 71?
True
Is 10610 a multiple of 10?
True
Is 7797 a multiple of 48?
False
Does 6 divide 42?
True
Is 17714 a multiple of 118?
False
Does 42 divide 832?
False
Is 46 a multiple of 23?
True
Is 8 a factor of 5112?
True
Is 6 a factor of 38?
False
Is 506 a multiple of 12?
False
Is 11 a factor of 1001?
True
Is 158 a factor of 7403?
False
Does 10 divide 13505?
False
Does 15 divide 4499?
False
Does 10 divide 209?
False
Is 7 a factor of 2482?
False
Is 3540 a multiple of 10?
True
Is 14 a factor of 1414?
True
Does 118 divide 19706?
True
Does 10 divide 2395?
False
Is 999 a multiple of 27?
True
Is 22 a factor of 22484?
True
Is 14 a factor of 14124?
False
Does 132 divide 21512?
False
Is 12 a factor of 1047?
False
Does 22 divide 62875?
False
Does 20 divide 44181?
False
Does 4 divide 284?
True
Does 6 divide 10947?
False
Is 35 a factor of 61?
False
Does 14 divide 6692?
True
Is 893 a multiple of 19?
True
Does 121 divide 29336?
False
Is 1088 a multiple of 32?
True
Is 3512 a multiple of 8?
True
Is 228 a multiple of 6?
True
Is 858 a multiple of 3?
True
Is 7 a factor of 1715?
True
Is 846 a multiple of 9?
True
Is 22 a factor of 1914?
True
Is 568 a multiple of 12?
False
Is 1050 a multiple of 42?
True
Is 49075 a multiple of 13?
True
Is 8 a factor of 168?
True
Does 51 divide 14382?
True
Is 368 a multiple of 2?
True
Does 11 divide 5442?
False
Is 3018 a multiple of 88?
False
Is 11 a factor of 869?
True
Does 29 divide 4619?
False
Is 774 a multiple of 9?
True
Is 67 a factor of 43282?
True
Is 840 a multiple of 30?
True
Is 13 a factor of 34570?
False
Is 29 a factor of 19198?
True
Is 8 a factor of 287?
False
Is 13 a factor of 1456?
True
Does 110 divide 92840?
True
Is 38 a factor of 215?
False
Is 320 a multiple of 32?
True
Is 88183 a multiple of 7?
False
Is 389 a multiple of 8?
False
Is 10548 a multiple of 36?
True
Is 28 a factor of 1120?
True
Is 6720 a multiple of 30?
True
Is 403 a multiple of 10?
False
Does 98 divide 196?
True
Does 11 divide 1889?
False
Does 19 divide 8315?
False
Does 15 divide 1400?
False
Is 1680 a multiple of 7?
True
Is 1716 a multiple of 13?
True
Is 6 a factor of 1404?
True
Is 18886 a multiple of 142?
True
Does 9 divide 549?
True
Does 133 divide 5985?
True
Is 76 a factor of 769?
False
Is 93 a factor of 2343?
False
Is 2285 a multiple of 52?
False
Does 38 divide 8628?
False
Is 4105 a multiple of 12?
False
Does 54 divide 21912?
False
Is 68 a factor of 4848?
False
Is 13 a factor of 143?
True
Is 13097 a multiple of 44?
False
Does 5 divide 3237?
False
Is 563 a multiple of 18?
False
Is 13365 a multiple of 250?
False
Is 1523 a multiple of 10?
False
Is 352 a multiple of 2?
True
Is 113 a factor of 4520?
True
Is 18 a factor of 2037?
False
Does 7 divide 1828?
False
Does 63 divide 7812?
True
Is 974 a multiple of 20?
False
Does 36 divide 26612?
False
Does 11 divide 14833?
False
Is 1344 a multiple of 24?
True
Is 70 a multiple of 7?
True
Is 52696 a multiple of 28?
True
Is 6364 a multiple of 4?
True
Is 68 a factor of 11436?
False
Is 56 a factor of 2271?
False
Does 27 divide 1134?
True
Is 23 a factor of 42343?
True
Is 2 a factor of 8553?
False
Is 38086 a multiple of 139?
True
Is 23 a factor of 50071?
True
Does 7 divide 1039?
False
Is 5148 a multiple of 78?
True
Does 8 divide 288?
True
Is 96 a factor of 5760?
True
Is 3683 a multiple of 31?
False
Is 12 a factor of 1188?
True
Is 2 a factor of 41?
False
Does 14 divide 154?
True
Is 420 a multiple of 5?
True
Does 3 divide 111?
True
Does 103 divide 11227?
True
Is 184 a multiple of 55?
False
Is 10 a factor of 3830?
True
Does 7 divide 105?
True
Does 8 divide 966?
False
Is 9843 a multiple of 77?
False
Is 9 a factor of 6444?
True
Is 27 a factor of 1512?
True
Is 854 a multiple of 14?
True
Is 1406 a multiple of 37?
True
Is 66 a factor of 18150?
True
Is 7 a factor of 6041?
True
Is 624 a multiple of 4?
True
Is 13 a factor of 1055?
False
Is 909 a multiple of 6?
False
Does 21 divide 298?
False
Is 378 a multiple of 63?
True
Is 100 a multiple of 25?
True
Does 11 divide 308?
True
Is 845 a multiple of 65?
True
Does 126 divide 7329?
False
Is 15 a factor of 1928?
False
Does 50 divide 19300?
True
Is 1127 a multiple of 39?
False
Is 10530 a multiple of 130?
True
Is 2641 a multiple of 17?
False
Does 9 divide 708?
False
Does 17 divide 796?
False
Is 41 a factor of 1845?
True
Does 3 divide 957?
True
Does 14 divide 336?
True
Is 3 a factor of 4455?
True
Is 436 a multiple of 4?
True
Is 12372 a multiple of 12?
True
Does 20 divide 266?
False
Is 902 a multiple of 11?
True
Is 1768 a multiple of 4?
True
Is 52 a multiple of 21?
False
Is 759 a multiple of 81?
False
Is 2021 a multiple of 73?
False
Is 34 a factor of 626?
False
Is 6 a factor of 26?
False
Is 1136 a multiple of 71?
True
Is 17 a factor of 578?
True
Does 16 divide 46592?
True
Is 7 a factor of 4168?
False
Is 15 a factor of 3465?
True
Is 129 a factor of 4515?
True
Is 13 a factor of 496?
False
Does 50 divide 4850?
True
Is 45 a factor of 34021?
False
Is 1